{"id":14,"date":"2021-01-15T16:29:58","date_gmt":"2021-01-15T19:29:58","guid":{"rendered":"https:\/\/demo.creativethemes.com\/elementor\/product-reviews\/?page_id=14"},"modified":"2025-06-01T14:48:39","modified_gmt":"2025-06-01T17:48:39","slug":"encontro-de-mentes","status":"publish","type":"page","link":"https:\/\/allinteractive.com.br\/index.php\/encontro-de-mentes\/","title":{"rendered":"Encontro de Mentes"},"content":{"rendered":"\t\t<div data-elementor-type=\"wp-page\" data-elementor-id=\"14\" class=\"elementor elementor-14\">\n\t\t\t\t\t\t\t\t\t<section class=\"elementor-section elementor-top-section elementor-element elementor-element-5121baaa ct-section-stretched elementor-section-boxed elementor-section-height-default elementor-section-height-default\" data-id=\"5121baaa\" data-element_type=\"section\" data-settings=\"{&quot;background_background&quot;:&quot;classic&quot;}\">\n\t\t\t\t\t\t\t<div class=\"elementor-background-overlay\"><\/div>\n\t\t\t\t\t\t\t<div class=\"elementor-container elementor-column-gap-default\">\n\t\t\t\t\t<div class=\"elementor-column elementor-col-100 elementor-top-column elementor-element elementor-element-1a702f8\" data-id=\"1a702f8\" data-element_type=\"column\">\n\t\t\t<div class=\"elementor-widget-wrap elementor-element-populated\">\n\t\t\t\t\t\t\t\t<div class=\"elementor-element elementor-element-e43eafe elementor-widget elementor-widget-text-editor\" data-id=\"e43eafe\" data-element_type=\"widget\" data-widget_type=\"text-editor.default\">\n\t\t\t\t<div class=\"elementor-widget-container\">\n\t\t\t<style>\/*! elementor - v3.18.0 - 08-12-2023 *\/\n.elementor-widget-text-editor.elementor-drop-cap-view-stacked .elementor-drop-cap{background-color:#69727d;color:#fff}.elementor-widget-text-editor.elementor-drop-cap-view-framed .elementor-drop-cap{color:#69727d;border:3px solid;background-color:transparent}.elementor-widget-text-editor:not(.elementor-drop-cap-view-default) .elementor-drop-cap{margin-top:8px}.elementor-widget-text-editor:not(.elementor-drop-cap-view-default) .elementor-drop-cap-letter{width:1em;height:1em}.elementor-widget-text-editor .elementor-drop-cap{float:left;text-align:center;line-height:1;font-size:50px}.elementor-widget-text-editor .elementor-drop-cap-letter{display:inline-block}<\/style>\t\t\t\t<p><b>Em um mundo de redes digitais, consumidores, fornecedores e players coexistir\u00e3o simultaneamente, far\u00e3o parcerias ativamente e se mover\u00e3o agressivamente unidos por prop\u00f3sitos comuns para capturar participa\u00e7\u00e3o uns dos outros,&nbsp;desenvolvendo relacionamentos com outros neg\u00f3cios ao longo da cadeia de valor.<\/b><\/p>\n<p><br><\/p>\t\t\t\t\t\t<\/div>\n\t\t\t\t<\/div>\n\t\t\t\t\t<\/div>\n\t\t<\/div>\n\t\t\t\t\t\t\t<\/div>\n\t\t<\/section>\n\t\t\t\t<section class=\"elementor-section elementor-top-section elementor-element elementor-element-3ca38977 ct-section-stretched elementor-section-content-middle elementor-section-boxed elementor-section-height-default elementor-section-height-default\" data-id=\"3ca38977\" data-element_type=\"section\" data-settings=\"{&quot;background_background&quot;:&quot;classic&quot;}\">\n\t\t\t\t\t\t<div class=\"elementor-container elementor-column-gap-default\">\n\t\t\t\t\t<div class=\"elementor-column elementor-col-50 elementor-top-column elementor-element elementor-element-36f6e88c\" data-id=\"36f6e88c\" data-element_type=\"column\">\n\t\t\t<div class=\"elementor-widget-wrap elementor-element-populated\">\n\t\t\t\t\t\t\t\t<div class=\"elementor-element elementor-element-1696df64 elementor-position-left elementor-vertical-align-middle elementor-view-stacked elementor-shape-circle elementor-mobile-position-top elementor-widget elementor-widget-icon-box\" data-id=\"1696df64\" data-element_type=\"widget\" data-widget_type=\"icon-box.default\">\n\t\t\t\t<div class=\"elementor-widget-container\">\n\t\t\t<link rel=\"stylesheet\" href=\"https:\/\/allinteractive.com.br\/wp-content\/plugins\/elementor\/assets\/css\/widget-icon-box.min.css\">\t\t<div class=\"elementor-icon-box-wrapper\">\n\t\t\t\t\t\t<div class=\"elementor-icon-box-icon\">\n\t\t\t\t<span  class=\"elementor-icon elementor-animation-\">\n\t\t\t\t<i aria-hidden=\"true\" class=\"far fa-handshake\"><\/i>\t\t\t\t<\/span>\n\t\t\t<\/div>\n\t\t\t\t\t\t<div class=\"elementor-icon-box-content\">\n\t\t\t\t<h3 class=\"elementor-icon-box-title\">\n\t\t\t\t\t<span  >\n\t\t\t\t\t\t\t\t\t\t\t<\/span>\n\t\t\t\t<\/h3>\n\t\t\t\t\t\t\t\t\t<p class=\"elementor-icon-box-description\">\n\t\t\t\t\t\t<br><br><span style=\"white-space: normal;\"><b style=\"\">Encontro de Mentes<br><\/b><\/span><br><b><span style=\"white-space: normal;\">Junte-se a n\u00f3s&nbsp;<\/span><br><\/b><span style=\"white-space-collapse: collapse;\"><b><i> <\/i><\/b><\/span><br><b><i><span style=\"white-space: normal;\">Empreendedores que se unem a ecossistemas de neg\u00f3cios para resolver problemas complexos que fa\u00e7am do mundo lugar melhor.<\/span><br><\/i><\/b><br><p><i><span style=\"font-family:&quot;Georgia&quot;,&quot;serif&quot;;mso-bidi-font-family:&quot;Segoe UI&quot;;\ncolor:#002060\">A coisa mais importante que os grandes inovadores fazem de forma\ndiferente \u00e9 procurar ativamente novos problemas. Por <\/span><span style=\"font-family:&quot;Georgia&quot;,&quot;serif&quot;;mso-bidi-font-family:&quot;Segoe UI&quot;;\ncolor:#002060\">outras palavras, n\u00e3o s\u00f3\ncontinuam a aperfei\u00e7oar os seus processos e pr\u00e1ticas existentes, como tamb\u00e9m\nprocuram ativamente \u00e1reas onde possam causar impacto. <\/span><\/i><\/p><p><i><span style=\"font-family:&quot;Georgia&quot;,&quot;serif&quot;;mso-bidi-font-family:&quot;Segoe UI&quot;;\ncolor:#002060\">A verdade \u00e9 que a <\/span><\/i><i><span style=\"font-family: Georgia, &quot;serif&quot;; color: rgb(0, 32, 96);\">inova\u00e7\u00e3o precisa de explora\u00e7\u00e3o e isso nunca \u00e9 eficiente nem pode ser otimizado, \u00e9<\/span><\/i><i><span style=\"font-family: Georgia, &quot;serif&quot;; color: rgb(0, 32, 96);\"> uma equa\u00e7\u00e3o bastante simples. Se voc\u00ea n\u00e3o explorar, n\u00e3o descobrir\u00e1. Se voc\u00ea <\/span><\/i><i><span style=\"font-family: Georgia, &quot;serif&quot;; color: rgb(0, 32, 96);\">n\u00e3o descobrir, n\u00e3o inventar\u00e1. E se voc\u00ea n\u00e3o inventar, voc\u00ea ser\u00e1 perturbado.<\/span><\/i><i><span style=\"font-family: Georgia, &quot;serif&quot;; color: rgb(0, 32, 96);\">\n<\/span><\/i><i><span style=\"font-family: Georgia, &quot;serif&quot;; color: rgb(0, 32, 96);\">\n<\/span><\/i><i><span style=\"font-family:&quot;Georgia&quot;,&quot;serif&quot;;mso-bidi-font-family:&quot;Segoe UI&quot;;\ncolor:#002060\">\n<br><o:p><\/o:p><\/span><\/i><\/p>\n\n<br><br><br>\t\t\t\t\t<\/p>\n\t\t\t\t\t\t\t<\/div>\n\t\t<\/div>\n\t\t\t\t<\/div>\n\t\t\t\t<\/div>\n\t\t\t\t\t<\/div>\n\t\t<\/div>\n\t\t\t\t<div class=\"elementor-column elementor-col-50 elementor-top-column elementor-element elementor-element-1162d465\" data-id=\"1162d465\" data-element_type=\"column\">\n\t\t\t<div class=\"elementor-widget-wrap elementor-element-populated\">\n\t\t\t\t\t\t\t\t<div class=\"elementor-element elementor-element-75698bf6 elementor-align-right elementor-mobile-align-center elementor-widget elementor-widget-button\" data-id=\"75698bf6\" data-element_type=\"widget\" data-widget_type=\"button.default\">\n\t\t\t\t<div class=\"elementor-widget-container\">\n\t\t\t\t\t<div class=\"elementor-button-wrapper\">\n\t\t\t<a class=\"elementor-button elementor-button-link elementor-size-sm\" href=\"https:\/\/www.linkedin.com\/in\/ant%C3%B4niocardoso\/\">\n\t\t\t\t\t\t<span class=\"elementor-button-content-wrapper\">\n\t\t\t\t\t\t<span class=\"elementor-button-text\">Convite<\/span>\n\t\t<\/span>\n\t\t\t\t\t<\/a>\n\t\t<\/div>\n\t\t\t\t<\/div>\n\t\t\t\t<\/div>\n\t\t\t\t\t<\/div>\n\t\t<\/div>\n\t\t\t\t\t\t\t<\/div>\n\t\t<\/section>\n\t\t\t\t<section class=\"elementor-section elementor-top-section elementor-element elementor-element-5af8682 elementor-section-boxed elementor-section-height-default elementor-section-height-default\" data-id=\"5af8682\" data-element_type=\"section\">\n\t\t\t\t\t\t<div class=\"elementor-container elementor-column-gap-default\">\n\t\t\t\t\t<div class=\"elementor-column elementor-col-100 elementor-top-column elementor-element elementor-element-cf060aa\" data-id=\"cf060aa\" data-element_type=\"column\">\n\t\t\t<div class=\"elementor-widget-wrap\">\n\t\t\t\t\t\t\t\t\t<\/div>\n\t\t<\/div>\n\t\t\t\t\t\t\t<\/div>\n\t\t<\/section>\n\t\t\t\t<section class=\"elementor-section elementor-top-section elementor-element elementor-element-599e6c5 elementor-section-boxed elementor-section-height-default elementor-section-height-default\" data-id=\"599e6c5\" data-element_type=\"section\">\n\t\t\t\t\t\t<div class=\"elementor-container elementor-column-gap-default\">\n\t\t\t\t\t<div class=\"elementor-column elementor-col-100 elementor-top-column elementor-element elementor-element-6902faa\" data-id=\"6902faa\" data-element_type=\"column\">\n\t\t\t<div class=\"elementor-widget-wrap elementor-element-populated\">\n\t\t\t\t\t\t\t\t<section class=\"elementor-section elementor-inner-section elementor-element elementor-element-97418d4 elementor-section-boxed elementor-section-height-default elementor-section-height-default\" data-id=\"97418d4\" data-element_type=\"section\">\n\t\t\t\t\t\t<div class=\"elementor-container elementor-column-gap-default\">\n\t\t\t\t\t<div class=\"elementor-column elementor-col-50 elementor-inner-column elementor-element elementor-element-f29a881\" data-id=\"f29a881\" data-element_type=\"column\">\n\t\t\t<div class=\"elementor-widget-wrap\">\n\t\t\t\t\t\t\t\t\t<\/div>\n\t\t<\/div>\n\t\t\t\t<div class=\"elementor-column elementor-col-50 elementor-inner-column elementor-element elementor-element-4f4f445\" data-id=\"4f4f445\" data-element_type=\"column\">\n\t\t\t<div class=\"elementor-widget-wrap\">\n\t\t\t\t\t\t\t\t\t<\/div>\n\t\t<\/div>\n\t\t\t\t\t\t\t<\/div>\n\t\t<\/section>\n\t\t\t\t\t<\/div>\n\t\t<\/div>\n\t\t\t\t\t\t\t<\/div>\n\t\t<\/section>\n\t\t\t\t\t\t\t<\/div>\n\t\t","protected":false},"excerpt":{"rendered":"<p>Em um mundo de redes digitais, consumidores, fornecedores e players coexistir\u00e3o simultaneamente, far\u00e3o parcerias ativamente e se mover\u00e3o agressivamente unidos por prop\u00f3sitos comuns para capturar participa\u00e7\u00e3o uns dos outros,&nbsp;desenvolvendo relacionamentos com outros neg\u00f3cios ao longo da cadeia de valor. Encontro de MentesJunte-se a n\u00f3s&nbsp; Empreendedores que se unem a ecossistemas de neg\u00f3cios para resolver problemas [&hellip;]<\/p>\n","protected":false},"author":1,"featured_media":0,"parent":0,"menu_order":0,"comment_status":"closed","ping_status":"closed","template":"","meta":{"_mi_skip_tracking":false,"_monsterinsights_sitenote_active":false,"_monsterinsights_sitenote_note":"","_monsterinsights_sitenote_category":0,"footnotes":""},"class_list":["post-14","page","type-page","status-publish","hentry"],"blocksy_meta":{"styles_descriptor":{"styles":{"desktop":"","tablet":"","mobile":""},"google_fonts":[],"version":6}},"aioseo_notices":[],"_links":{"self":[{"href":"https:\/\/allinteractive.com.br\/index.php\/wp-json\/wp\/v2\/pages\/14","targetHints":{"allow":["GET"]}}],"collection":[{"href":"https:\/\/allinteractive.com.br\/index.php\/wp-json\/wp\/v2\/pages"}],"about":[{"href":"https:\/\/allinteractive.com.br\/index.php\/wp-json\/wp\/v2\/types\/page"}],"author":[{"embeddable":true,"href":"https:\/\/allinteractive.com.br\/index.php\/wp-json\/wp\/v2\/users\/1"}],"replies":[{"embeddable":true,"href":"https:\/\/allinteractive.com.br\/index.php\/wp-json\/wp\/v2\/comments?post=14"}],"version-history":[{"count":862,"href":"https:\/\/allinteractive.com.br\/index.php\/wp-json\/wp\/v2\/pages\/14\/revisions"}],"predecessor-version":[{"id":8953,"href":"https:\/\/allinteractive.com.br\/index.php\/wp-json\/wp\/v2\/pages\/14\/revisions\/8953"}],"wp:attachment":[{"href":"https:\/\/allinteractive.com.br\/index.php\/wp-json\/wp\/v2\/media?parent=14"}],"curies":[{"name":"wp","href":"https:\/\/api.w.org\/{rel}","templated":true}]}}